{"id":117,"date":"2024-01-26T06:58:07","date_gmt":"2024-01-26T05:58:07","guid":{"rendered":"http:\/\/shmuel"},"modified":"2024-01-29T09:26:24","modified_gmt":"2024-01-29T08:26:24","slug":"spice-tray","status":"publish","type":"product","link":"https:\/\/www.artfactory-graz.at\/shop\/produkt\/spice-tray\/","title":{"rendered":"Lisi Deutsch \/ &#8220;geblockt&#8221;"},"content":{"rendered":"<p>Plastik: \u201eGeblockt\u201c<\/p>\n<p>Ma\u00dfe: 26 cm H x 22 cm L x 17 cm T;<\/p>\n<p>Technik: Keramik, glasiert; 2022<\/p>\n","protected":false},"excerpt":{"rendered":"<p>Meine Keramiken stellen Befindlichkeiten dar.<\/p>\n<p>Sie resultieren aus Gef\u00fchlen \u2013 sich selbst zu behindern, das Gef\u00fchl sich nicht \u00e4u\u00dfern zu d\u00fcrfen, sich zu verleugnen, mehr zu sehen, als man sehen darf oder sollte usw\u2026<\/p>\n<p><strong>\u00a0<\/strong><\/p>\n","protected":false},"featured_media":316,"comment_status":"open","ping_status":"closed","template":"","meta":[],"product_brand":[],"product_cat":[47],"product_tag":[],"class_list":{"0":"post-117","1":"product","2":"type-product","3":"status-publish","4":"has-post-thumbnail","6":"product_cat-bildhauer","8":"first","9":"instock","10":"sold-individually","11":"shipping-taxable","12":"purchasable","13":"product-type-simple"},"jetpack_sharing_enabled":true,"_links":{"self":[{"href":"https:\/\/www.artfactory-graz.at\/shop\/wp-json\/wp\/v2\/product\/117","targetHints":{"allow":["GET"]}}],"collection":[{"href":"https:\/\/www.artfactory-graz.at\/shop\/wp-json\/wp\/v2\/product"}],"about":[{"href":"https:\/\/www.artfactory-graz.at\/shop\/wp-json\/wp\/v2\/types\/product"}],"replies":[{"embeddable":true,"href":"https:\/\/www.artfactory-graz.at\/shop\/wp-json\/wp\/v2\/comments?post=117"}],"version-history":[{"count":2,"href":"https:\/\/www.artfactory-graz.at\/shop\/wp-json\/wp\/v2\/product\/117\/revisions"}],"predecessor-version":[{"id":315,"href":"https:\/\/www.artfactory-graz.at\/shop\/wp-json\/wp\/v2\/product\/117\/revisions\/315"}],"wp:featuredmedia":[{"embeddable":true,"href":"https:\/\/www.artfactory-graz.at\/shop\/wp-json\/wp\/v2\/media\/316"}],"wp:attachment":[{"href":"https:\/\/www.artfactory-graz.at\/shop\/wp-json\/wp\/v2\/media?parent=117"}],"wp:term":[{"taxonomy":"product_brand","embeddable":true,"href":"https:\/\/www.artfactory-graz.at\/shop\/wp-json\/wp\/v2\/product_brand?post=117"},{"taxonomy":"product_cat","embeddable":true,"href":"https:\/\/www.artfactory-graz.at\/shop\/wp-json\/wp\/v2\/product_cat?post=117"},{"taxonomy":"product_tag","embeddable":true,"href":"https:\/\/www.artfactory-graz.at\/shop\/wp-json\/wp\/v2\/product_tag?post=117"}],"curies":[{"name":"wp","href":"https:\/\/api.w.org\/{rel}","templated":true}]}}